 of v(b)?
8
What is the hundreds digit of 4262812/452 + ((-2)/(-2) - -6)?
4
Let r(g) = -11*g - 17. Let t be r(-5). Let l = 53 - t. Suppose -l*w = -13*w - 192. What is the tens digit of w?
9
Suppose -3*j + 163974 = -3*d, -173654 = -4*j - 2*d + 44960. What is the thousands digit of j?
4
What is the tens digit of (-30 - -1)/((-16)/(-2) + 154767/(-19343))?
8
Let t(y) = 22*y + 86. Let g be (-11)/(-4)*4*(1 + 0). What is the tens digit of t(g)?
2
Let f = 585 + -432. Suppose f*n + 195 = 154*n. What is the tens digit of n?
9
Suppose -3*x - 54 = -5*k, -2*x + 18 = 3*k + x. Suppose k = -14*h + 17*h. Suppose d - 4*i - 100 = -h*i, -5*i + 228 = 2*d. What is the hundreds digit of d?
1
Let u = -422 + 1156. Let g = u - -209. What is the units digit of g?
3
Suppose 4*b + 2*w - 22 = 0, -2*b - 11*w + 13*w = -8. Suppose b*v - 2776 = -141. What is the tens digit of v?
2
Let m be 9*(-4)/(-90)*65/2. What is the units digit of (2/(-2))/(m/(-3562))?
4
Let s = -235 + 248. Suppose s*t - f - 2951 = 8*t, -1765 = -3*t - 5*f. What is the hundreds digit of t?
5
Suppose 105*t = 109*t - 36676. What is the tens digit of t?
6
Suppose 0 = 4*u - w - 28758, -2*u - 3*w - 4979 + 19337 = 0. What is the thousands digit of u?
7
Let t = 180418 - 121996. What is the hundreds digit of t?
4
Suppose 3*i - 10*i - 15*i = -155694. What is the units digit of i?
7
Let t = 20781 - 7833. What is the tens digit of t?
4
Suppose -14*s + 564471 = 5*s. What is the tens digit of s?
0
Let v(b) = 8*b**3 + b**2 + 4*b - 29. Let y be v(3). Let t(x) = -29*x. Let m be t(-4). Let w = y - m. What is the units digit of w?
2
Let d(m) = m**3 + 4*m**2 + 8*m + 18. Let p be d(-3). Suppose -p*u - a = -7*u + 2594, 1302 = 2*u + 2*a. Suppose -3*n + u = 226. What is the hundreds digit of n?
1
Let a = 261 - -1503. Suppose 5*d = 17*d - a. Let f = 367 - d. What is the tens digit of f?
2
Let x(j) = 2*j**2. Let s(z) = 96*z**2. Let u(c) = -3*s(c) + 96*x(c). Let i be u(-1). What is the units digit of ((-11)/3)/(16/i)?
2
What is the units digit of (2905506/(-84) + 304/(-266))/(1/(-2))?
1
Let s = 632 - 629. What is the tens digit of (s + 1)/(6/2076)?
8
Let l(p) = -10446*p + 532. What is the ten thousands digit of l(-3)?
3
Suppose -18 + 14 = -2*l. Suppose -3131 + 1255 = -l*q. What is the tens digit of q?
3
Suppose -9*u + 6 = -6*u, -3*b - 4*u = -17093. What is the tens digit of b?
9
Let z = -6354 + 9756. Suppose 16*t = 1174 + z. What is the hundreds digit of t?
2
Suppose -334 = -7*c + 2256. Let g = 2227 - c. What is the tens digit of g?
5
What is the tens digit of (-16 + 11 + 19 + -12431)/(2/(-6))?
5
Let c = -38442 + 61115. What is the tens digit of c?
7
Suppose 1 = v - w, -5*v + w = 6*w - 15. Suppose -3*u + 2225 = v*u. What is the tens digit of u?
4
Let q = -21 - -37. Let p(f) = f**2 - 10 - 2*f**2 - 10 - q*f. What is the units digit of p(-5)?
5
Suppose 8*v = 10*v + 38. Let y(m) = 2*m**2 + 17*m + 66. What is the tens digit of y(v)?
6
Let o(q) = -3*q**2 - 17*q - 25. Let l be o(-5). What is the units digit of (2*l/9)/(2/(-453))?
5
Let q(k) = k**3 + 8*k**2 + 15*k + 7. Let x be q(7). Suppose x = 8*w - 153. Let p = -109 + w. What is the tens digit of p?
1
Let v(n) be the second derivative of 5*n**3/2 - 21*n**2/2 - 20*n. Let a(t) = -23*t + 32. Let i(b) = -5*a(b) - 7*v(b). What is the tens digit of i(14)?
2
Suppose 187*v = 142*v + 1185480. What is the thousands digit of v?
6
Let k(m) = 99*m - 1. Let w = -30 - -31. Let a be k(w). Let y = 111 - a. What is the tens digit of y?
1
Let g be 133 + (0 - -3)*(-3 + 2). Let h = -50 + g. Let m = 30 + h. What is the units digit of m?
0
Let x(n) = 28*n - 4. Let j be (-5)/((-10)/(-4)) - -2. Suppose -3 = 3*z + 3*g, j*z + 5*z - 7 = -2*g. What is the units digit of x(z)?
0
Suppose 5*v - 49*u = -47*u + 76945, -76975 = -5*v - 4*u. What is the units digit of v?
1
Let b(u) = 37*u**2 - 164*u + 997. What is the tens digit of b(42)?
7
Let n be (-1)/(-3)*5 - (-9)/27. Suppose 5*l = -n - 8, -3*l - 106 = 2*h. Let s = 141 + h. What is the tens digit of s?
9
Suppose -4*r + 74*t = 78*t - 12956, 3*r = -5*t + 9719. What is the hundreds digit of r?
2
Suppose -55*h = 15*h - 2549610. What is the ten thousands digit of h?
3
Let l = 33 + -33. Let t be l + 3 + (-10 - -3). What is the tens digit of 278 + t + (-6)/6?
7
Let s(o) = 262*o - 88. Let x = 587 - 583. What is the hundreds digit of s(x)?
9
Suppose -12*u = -6*u - 12. Let b(w) = 3*w**u + 6*w**2 - 4*w**2 + 14 - 6*w**2 - 25*w. What is the hundreds digit of b(-14)?
1
Let j(s) = -20958*s + 41. What is the tens digit of j(-1)?
9
Suppose 0 = 5*g + 3*w - 295, 2*w + 10 = 4*w. Suppose -2*p + g = -74. Suppose r + 2*l - 79 = p, 2*r - 258 = 2*l. What is the hundreds digit of r?
1
Suppose -1476 = -2*v + 5*z + 1324, -2*v + 2*z + 2794 = 0. Let n = -910 + v. Suppose 16*t + n = 21*t. What is the units digit of t?
7
Let v = -83 - -78. Let u(i) be the second derivative of -i**5/20 + i**4/4 - i**3/6 + 5*i**2/2 - 4*i + 1. What is the units digit of u(v)?
0
Let i(v) = -717*v - 19. Let k be i(-3). What is the hundreds digit of (-4)/(k/(-532) - -4)?
5
Let u be (-58)/(-6) + (-1)/(-3). Let d(r) = 3*r**2 - 14*r - 51. Let j(f) = -2*f**2 + 10*f + 32. Let h(w) = 5*d(w) + 8*j(w). What is the units digit of h(u)?
1
Suppose -2*v + 14 = w - 4*v, -4*v - 16 = w. What is the tens digit of (-4)/16 - ((-6945)/w)/5?
4
Let d = 12264 - 7611. What is the hundreds digit of d?
6
Let l(p) = -p**3 - 12*p**2 - 2*p - 15. Let u = -31 - -19. Let x be l(u). Suppose 6*i - x*i = -441. What is the units digit of i?
7
What is the units digit of (-154)/(-14) + 0 + 5428?
9
Let z(b) be the first derivative of 7*b**3/3 - b**2/2 - 5*b - 41. What is the thousands digit of z(-13)?
1
Suppose 9*r + 2*r = 0. What is the hundreds digit of (r + -87)/((-7 - -12)/(-35))?
6
What is the units digit of (53979/(-76))/((-1)/(-12))*-3?
9
Suppose 5*p - 7*p + p + 7722 = 0. What is the units digit of p?
2
Suppose t = 6 + 5. Suppose -3*x = t*x - 8876. What is the hundreds digit of x?
6
Suppose 120474 = 4*x + 2*b, -130*b = -x - 134*b + 30115. What is the ten thousands digit of x?
3
Suppose -a - 5*j = -1754, 5*a = 4*a - j + 1750. Suppose 1178 = -3*o + 5*o + 2*h, 3*h + a = 3*o. What is the units digit of o?
6
Let h = -549 + 2344. Suppose 2*u = -n + 3486, -5*n + h = -2*u + 5305. What is the thousands digit of u?
1
Let b be 1/((-4)/(-3) + -1) + 417. Let w = b - -176. What is the hundreds digit of w?
5
Let l = 3880 - 2831. What is the thousands digit of l?
1
Suppose -4*d = -5*u - 93, -5*u - 7*d - 111 = -5*d. Let y(v) = -v**3 - 21*v**2 - 2*v + 58. What is the hundreds digit of y(u)?
1
What is the thousands digit of -2466*5*(15/10)/(-1)?
8
Suppose -5*t + 3*d = -6247, -4395 = -4*t - 4*d + 577. What is the units digit of t?
7
Suppose -3*c = -4*f + 21 + 6, 3*f + 3*c + 6 = 0. Suppose 0 = f*n - m - 237, -3*m + 79 = 10*n - 9*n. What is the tens digit of n?
7
Suppose 0 = -4*l + 2*l + 4*c, 0 = 3*c - 12. Let d = 11 - l. Suppose 4*a + 5*i = 188, 5*i = d*a - 6*a + 136. What is the tens digit of a?
5
Suppose -2*q - 4 = -z - 7, 4*z = 4*q. What is the hundreds digit of ((-102)/3)/((-2)/31) + z?
5
Let p(o) = o**3 + o**2 + 2*o + 481. Let s be (-6)/12 - (-2)/4. Let h be p(s). Suppose -4*a + h = 5*f, 0*a + 2*f = -4*a + 490. What is the units digit of a?
4
Suppose 0 = a + o + 4*o + 393, -5*a = 3*o + 1921. Let q = a + 687. What is the tens digit of q?
0
Let d(m) = -3*m + 15 - 2 + 4 + 5. Let k be d(6). Suppose 2 + 32 = c + k*n, 0 = -4*c - 2*n + 150. What is the tens digit of c?
3
Let k(h) = 411*h**2 - 6*h + 13. Let o be k(2). Suppose 5*c - o = -5*b, -132 - 1199 = -4*b - c. What is the hundreds digit of b?
3
Suppose 4*g = -5*t + 1228 + 665, 756 = 2*t + g. Suppose 3*z + 89 - t = 0. Suppose p - 4*c = z + 11, -12 = 3*c. What is the tens digit of p?
9
Let k = 41 - 66. Let m = 60 + k. What is the tens digit of m?
3
Let o(s) = -2580*s + 2639. What is the tens digit of o(-8)?
7
Let t be (1083/12)/(9/(-36)) + 2. Let q = t - -501. What is the tens digit of q?
4
Let o(b) = -b**2 - 27*b - 21. Let g be o(-22). Let i = 134 - g. What is the tens digit of i?
4
Suppose -272 = 2*g - 302. Suppose 0 = -2*q + 4*p + 3702, -543 = 5*q - 3*p - 9777. Suppose 0 = -6*a + g*a - q. What is the hundreds digit of a?
2
Suppose -69*z + 42960 = -64*z. Suppose 0 = 2*p + 14*p - z. What is the tens digit of p?
3
Let v